5
Suppose 5*y = 229 + 171. What are the prime factors of y?
2, 5
Let i(w) = 7*w**3 + 4*w - 8. List the prime factors of i(3).
193
Let d be -2 - 1/(1/4). Let l = 0 - d. What are the prime factors of l?
2, 3
Let d = 14 - 12. Suppose -2*t + 122 = d*t - y, -4 = -2*y. List the prime factors of t.
31
Let u be ((-2)/(-4))/(2/4). List the prime factors of (-2 + 5/u)*1.
3
Let d be 0/3 - -3 - -2. Suppose q = 2, 21 + 9 = -a + d*q. List the prime factors of -1 + (-3 - (a - 0)).
2
Let y(u) = 7*u**2 + 4*u - 3. Let l be y(-6). Suppose -4*q = q - l. Suppose 3*s = -0*s + 3*j + q, -s - j + 21 = 0. List the prime factors of s.
2, 3
What are the prime factors of 2 + (2 + -2)/(-2)?
2
Suppose -4*b + 9 = -7. Suppose 2*n + 4*j - 48 = 2*j, 0 = -b*j + 20. List the prime factors of n.
19
Let i(z) = 17*z**3 + 4*z**2 - 15*z + 13. Let c(h) = 8*h**3 + 2*h**2 - 7*h + 6. Let v(m) = -13*c(m) + 6*i(m). What are the prime factors of v(-2)?
2, 3
Let t = 4 - 0. Suppose t*i = -0*i + 28. What are the prime factors of i?
7
Let g be (50/(-4))/(2/(-4)). Suppose 0 = -2*r - 3*i + 23, -4*i = i - g. Suppose 0 = w - 3, p + r*p - 4*w - 43 = 0. What are the prime factors of p?
11
Suppose 27*n - 28*n + 161 = 0. List the prime factors of n.
7, 23
Suppose 0 = -7*l + 13 + 1135. What are the prime factors of l?
2, 41
Suppose -2*h + 66 = -188. What are the prime factors of h?
127
Suppose k - 5*k + 3*r = -236, -4*r = 16. What are the prime factors of k?
2, 7
Suppose -58 = -5*d + p + 1, 3*p = 3*d - 33. Let x = d + -9. Suppose x*l - 6 + 50 = 5*h, 4 = 2*l. What are the prime factors of h?
2, 5
Suppose -13*y = -6*y - 623. List the prime factors of y.
89
Suppose 0*j + 12 = 4*j. Suppose -4*u = -j*u - 2. Suppose 9*r - 4*r - u*i - 73 = 0, -3*r = 2*i - 47. What are the prime factors of r?
3, 5
Let n be (6/4)/((-9)/(-12)). Suppose -4 = -2*q, 4*z - 36 - 24 = -n*q. What are the prime factors of z?
2, 7
Let g(j) = -3*j**2 - 2*j - 7. Let w(z) = -2*z**2 - z - 7. Let i(t) = -3*g(t) + 4*w(t). Let l = -18 - -12. What are the prime factors of i(l)?
17
Let t = 33 - -31. What are the prime factors of t?
2
Let u(b) = b**2 + b - 14. Let s be u(0). Let r = s - -8. Let p = r + 18. What are the prime factors of p?
2, 3
List the prime factors of (-1)/(14/(-12))*7.
2, 3
List the prime factors of (-114)/4*20/(-15).
2, 19
Let m be 4/2 + (-8)/4. Suppose -5*p + 0*j = 3*j - 20, m = -4*j. What are the prime factors of p?
2
Let v(m) = -m + 16. Let o be v(11). Suppose 0 = 2*b + 5*y - 90, 4*b + 10*y - 170 = o*y. What are the prime factors of b?
2, 5
Let t(k) = k**3 + 5*k**2 - 3*k - 12. What are the prime factors of t(-5)?
3
Let v = 71 - 46. List the prime factors of v.
5
Let b be 6*31/(0 + 1). Let j = -29 + 43. List the prime factors of b/j - 4/14.
13
Let f = 1 - 6. Let j be (3 - f/(-2))*20. What are the prime factors of (-2 + j)*1/2?
2
Suppose 2*s - 2*q = 3*s - 18, 0 = 3*s - 5*q - 43. Let t = -12 + s. What are the prime factors of t?
2
Let q(l) = -l + 2. Let o be q(1). Let b be (-1)/3*(o + -34). Suppose 0 = 5*g - 4*n - b, g - 4*g + 5*n = -4. What are the prime factors of g?
3
Let t(o) = 5 - o**2 + 4*o**3 - 4 + 0 - o. What are the prime factors of t(1)?
3
Let x(p) = p**2 - 10*p - 7. List the prime factors of x(20).
193
Let n = -14 - -17. Suppose 3*f = n*d + 12, -2*f - 2*d + 32 = f. List the prime factors of f.
2
Let q(j) = j**3 - 2*j**2 - 3. Let p be q(5). Let a = p - 33. List the prime factors of a.
3, 13
Let j(i) = i**3 - 3*i**2 - 5*i - 2. Let t be j(5). Let g = t - 12. List the prime factors of g.
11
Suppose v - 206 = -5*w, w - 5*v - 58 = -v. List the prime factors of w.
2, 3, 7
List the prime factors of (-6)/9*-24 + 3.
19
Let r = -1 + -11. Let z be 2/r + 3/18. Let y = 8 - z. List the prime factors of y.
2
Suppose 0 = -w + 2*s + 14, 0*w - 5*s - 71 = -4*w. Suppose -w = -3*x + 2*v, 0*x = 5*x + v - 40. List the prime factors of x.
2
Let j(m) = -4*m**2 - 14*m - 4. List the prime factors of j(-3).
2
Let o = 12 + -14. Suppose -2*r + r = 0. Let p = r - o. What are the prime factors of p?
2
List the prime factors of 172/5 + (-8)/20.
2, 17
Suppose -2*p = -5*a + 11, 2*a + 0*p + 2*p = 10. Suppose -63 = -a*r - 21. What are the prime factors of r?
2, 7
Suppose 0 = -3*t - 4*r + 309, -3*t + 3*r + 305 = -25. What are the prime factors of t?
107
Let g be (-3)/((-7)/4 - -1). Let q(c) be the second derivative of 5*c**3/6 - 3*c**2/2 - 5*c. What are the prime factors of q(g)?
17
Let u = -23 + 23. Suppose u = 4*l - 6 - 142. List the prime factors of l.
37
List the prime factors of 1 + 140 - (-3)/(18/(-24)).
137
Let h(p) be the first derivative of p**4/4 + 5*p**3/3 + p**2/2 + 3*p - 5. List the prime factors of h(-4).
3, 5
Let f(q) = 33*q - 1. Let t(g) = 50*g - 2. Let s(y) = 8*f(y) - 5*t(y). What are the prime factors of s(2)?
2, 3, 5
Let r(f) = 22*f + 4. List the prime factors of r(2).
2, 3
Let w = 8 + -5. Suppose 52 = w*t - 41. List the prime factors of t.
31
Let s(y) = -10*y + 9. Let h be s(5). Let n = h - -75. What are the prime factors of n?
2, 17
Let o = -33 + 51. List the prime factors of o.
2, 3
Suppose v + 2*q + 0*q = -9, 0 = 4*v + 4*q + 20. Let o be (-11)/(-5) - v/(-5). List the prime factors of 0 + o + -1 + 3.
2
Let h(d) = d**3 - 3*d**2. Let q be h(3). Suppose q*k = -2*k + 22. What are the prime factors of k?
11
Let z(g) = -g**3 + 28*g**2 - 17*g + 22. List the prime factors of z(27).
2, 73
Suppose 6*v - v + 64 = -k, 28 = -4*v + 5*k. Let n be (-32)/(-6) - (-4)/v. Let s = n + 4. List the prime factors of s.
3
Let u = -10 - -12. List the prime factors of 12*u/(-4)*-1.
2, 3
Suppose 0 = -5*z + 46 + 24. Suppose -u = -2*u + z. List the prime factors of u.
2, 7
Let g be 1/4 - (-241)/(-4). Let j = g - -99. List the prime factors of j.
3, 13
Let g(w) be the first derivative of 11*w**3/3 - w**2/2 - w - 3. List the prime factors of g(-1).
11
Suppose -o = 3*o + 4, 175 = 3*y + 5*o. Suppose 4*l - y = 8. What are the prime factors of l?
17
Let j = 5 - 1. Suppose -3*g - 2 = j. What are the prime factors of ((-15)/6)/(g/4)?
5
Suppose 39 = y + 4*g, 2*y - 11 - 55 = 4*g. Suppose -8 = 3*i - y. Suppose 3*d = 4*p + 25, 0 = d + 4*p - i*p - 12. List the prime factors of d.
7
Let k(n) = n**3 + 17*n**2 - 4*n - 19. What are the prime factors of k(-17)?
7
Let z(f) = -f**3 - 5*f**2 + 3*f + 6. Suppose -2*v - 12 = -0. Let l be z(v). What are the prime factors of (l/(-9))/(1/(-3))?
2
Let j(v) = v**3 + 7*v**2 + 5. Let k be j(-7). Suppose 4*n = k*n + 1. What are the prime factors of 1*(2 + n) - -4?
5
Suppose -4*o + o = -6. Suppose -3*n + 28 = -g, o*g = n + 4*g. List the prime factors of n.
2
Let t(a) = -a**3 + 7*a**2 - 6*a + 3. Let b be t(4). Suppose 81 = 6*k - b. What are the prime factors of k?
2, 3
Let w(p) = -11*p + 6. Let l(o) be the third derivative of 5*o**4 - 65*o**3/6 + o**2. Let h(q) = 6*l(q) + 65*w(q). What are the prime factors of h(2)?
2, 5
Let f(u) = 5*u**3 + 2*u**2 - 6*u - 1. Let q = 6 + -11. Let y(a) = 4*a**3 + 3*a**2 - 7*a - 1. Let o(z) = q*f(z) + 4*y(z). List the prime factors of o(-1).
2, 5
Suppose -h = f - 7, -5*h - 9 = -29. Suppose 0 + 39 = f*z. List the prime factors of z.
13
List the prime factors of (1 + -21)/(-5) - 2.
2
Let y = -177 + 350. What are the prime factors of y?
173
Suppose -15 + 5 = -5*r. Suppose c = r*c - 2. Suppose -m + 40 = 4*g, c*m - 37 = -3*g + 3*m. List the prime factors of g.
11
Suppose -x + 14 + 48 = 0. What are the prime factors of x?
2, 31
Let k(a) = a**3 + 19*a**2 - a + 22. List the prime factors of k(-19).
41
Let f(o) = -5*o - 10. List the prime factors of f(-6).
2, 5
Suppose 6*d - 3*d + 3 = -3*h, 9 = -3*h - d. Let v = 146 - 80. What are the prime factors of v/4 + (-2)/h?
17
Let u(q) = q**3 - 10*q**2 - 17*q - 17. List the prime factors of u(12).
67
Suppose 190 = 3*u - 4*b, 146 + 89 = 3*u + 5*b. List the prime factors of u.
2, 5, 7
Suppose -u = b + 11 - 46, -3*b = -4*u + 161. What are the prime factors of u?
2, 19
Let v = -58 - -92. Suppose -5*w + v = a, -3*a - 3*w + 7*w + 102 = 0. List the prime factors of a.
2, 17
Let v = 2 + 1. Suppose v*w + 18 = 3*h - 6, 2 = 2*h. Let i = w - -15. What are the prime factors of i?
2
Suppose -g + 37 = -23. What are the prime factors of g?
2, 3, 5
Let b(t) = -9*t + 6. List the prime factors of b(-3).
3, 11
Let a = 4 + -6. What are the prime factors of 6*(-2 - 9/a)?
3, 5
Suppose -5*n = -2*n. Suppo